n factor of i and k.
11
Suppose 4*u - 57 = -3*c, -4*u = 2*c - 0*c - 62. Suppose -6 = -2*f + 6. Calculate the greatest common divisor of u and f.
6
Let t = -7 - -8. Let f be t*6/(-7)*-21. Calculate the greatest common factor of f and 90.
18
Suppose 2*v = v + 5. Suppose -v*d + 488 = 173. Let p(w) = w**2 + w - 11. Let z be p(4). Calculate the highest common divisor of d and z.
9
Let n(h) = -h**2 + 17*h - 40. Let p be n(14). Calculate the highest common divisor of 30 and p.
2
Let d be 4/(-3)*(-45)/6. Suppose 2*c + 68 = 228. Suppose t - 2*t = -c. Calculate the highest common divisor of d and t.
10
Let z be 0 - (-1 - (-20)/(-2)). Let a be 4/(-22) - (-13)/z. Suppose -a = 4*p - 81. Calculate the greatest common factor of p and 40.
20
Let q be ((-6)/(-15))/((-2)/(-10)). Suppose 0 = 3*y + q*c - 283, -4*y + 2*c = -2*y - 172. Calculate the highest common divisor of y and 13.
13
Suppose 0 = 2*z - 26 - 14. Suppose 2*j - z = 5*q, -35 = -3*j - q + 29. Calculate the highest common divisor of j and 4.
4
Let g = 38 - -18. Let j = 92 - g. Calculate the highest common factor of j and 24.
12
Let o(i) = i**2 + 2*i. Let y = -22 + 19. Let h be o(y). Calculate the highest common factor of h and 12.
3
Suppose -x = 13 + 25. Let n = x + 170. What is the greatest common divisor of n and 12?
12
Suppose -h + 24 = 2*r, -h - 2*r + 24 = r. Suppose 344 = 4*t + h. Let m = 57 - 47. Calculate the highest common factor of m and t.
10
Let w(x) = -x**3 + 3*x**2 - 4. Let k be w(-6). Suppose -h + 3*h = k. What is the greatest common divisor of h and 20?
20
Suppose -3*a - 2*f + 231 = f, 146 = 2*a - 2*f. What is the highest common divisor of 15 and a?
15
Suppose 72 = 38*r - 36*r. Suppose 0 = 5*a - 3*y - 32, a - 5*y = -0*y + 24. What is the highest common factor of r and a?
4
Suppose -5*v + 35 = -230. What is the highest common divisor of v and 371?
53
Let q = -6 + 20. What is the greatest common factor of 56 and q?
14
Let h(x) = 54*x - 3. Let z be h(1). What is the highest common divisor of 51 and z?
51
Let x = -32 + 21. Let w be (-550)/x - 2/2. What is the greatest common divisor of w and 7?
7
Let j = -92 + 596. Let o be 5/(-2)*j/(-45). Calculate the highest common divisor of 4 and o.
4
Suppose d = 3*x + 10, -4*x + 13 - 43 = -3*d. What is the greatest common factor of d and 10?
10
Let m be (-7)/(-28) - (-1)/(-4). Let f = m + 5. Suppose f*h - 21 = 39. What is the highest common divisor of 132 and h?
12
Let b be (-46 - -67)*1*4/6. Let v(k) = 1 + 8*k**2 - 2*k - 5 - k. Let j be v(4). Calculate the highest common factor of j and b.
14
Suppose 12*j - 9 = 9*j. Calculate the greatest common factor of j and 9.
3
Let k(x) = x**2 + 6*x - 2. Let n be k(-7). Suppose 3*c - c + 2*i = 56, 0 = n*i + 10. Calculate the greatest common divisor of c and 75.
15
Let w(d) = d**3 + 6*d**2 - 9*d + 10. Let k be w(-7). Calculate the greatest common divisor of 24 and k.
24
Let c(l) = l**2 - 3*l - 5. Let g(b) = 2*b - 9. Suppose 0 = -3*r - 5 + 26. Let z be g(r). Let i be c(z). What is the highest common factor of 15 and i?
5
Suppose 2*u + 24 = 126. Suppose 57 = 2*i - u. Let r(g) = g**3 - 5*g**2 + g + 1. Let h be r(5). Calculate the highest common factor of i and h.
6
Let a be (68/(-6))/(-5 + 584/120). Calculate the highest common divisor of a and 17.
17
Suppose 0 = 3*a + 84 - 807. Suppose 3*r - 3 = 0, v - 5*v + a = r. What is the highest common divisor of v and 150?
30
Suppose 0 = 2*q + 2*u - 126, u - 323 = -0*q - 5*q. Let v = -29 + 34. Suppose 0 = -v*z - 49 + 179. Calculate the highest common factor of q and z.
13
Let u(a) = -29*a**3 + 38 - 2*a**2 + 2*a - 38. Let o be u(-2). Calculate the highest common factor of o and 20.
20
Suppose 3*t + 2*t + d = 31, 4*d + 23 = t. Let b = 18 - t. What is the greatest common factor of b and 33?
11
Let s = -9 + 5. Let x = s + 16. What is the highest common factor of x and 132?
12
Let n(b) = -b**2 + 6*b + 4. Let o be n(6). Suppose -4*q = -3*r - 127, -o*r - r = -15. What is the highest common divisor of 17 and q?
17
Suppose 0 = -2*u - u + 2*g + 2, 2 = g. Suppose 6 = -4*v + u. Let y be 17*-11*(0 + v). Calculate the highest common divisor of 17 and y.
17
Suppose 0 = 4*t + 8*t - 492. Calculate the greatest common factor of 205 and t.
41
Suppose 0*c + 3*c = -2*l + 184, -c = 2*l - 60. Calculate the highest common factor of c and 31.
31
Suppose -4*a + 5*a = o - 75, -4*a + 276 = 4*o. Calculate the greatest common factor of o and 18.
18
Let q(g) = -35*g**2 + 1. Let v be q(2). Let c = 230 + v. Let d = 28 + -15. Calculate the highest common factor of d and c.
13
Suppose -l - 10 = -6*l. Suppose -t + 2*o = -11, o = -4*t - l + 37. Calculate the greatest common divisor of 99 and t.
9
Suppose 0 = 3*o + 3*t + 12, 4*o - t + 26 = -3*t. Let v be -190*(o/(-6) - 2). Calculate the greatest common divisor of 19 and v.
19
Suppose -43*x = -39*x - 56. Calculate the greatest common factor of x and 14.
14
Let y = 3 + -1. Suppose -f = -y*w + 4*w - 7, 5*w = 3*f + 23. Suppose -2*b + 11 = -9*o + w*o, -5 = -o. What is the highest common factor of 45 and b?
9
Let u = 5 + -3. Suppose n - u*n = -11. What is the greatest common divisor of 121 and n?
11
Suppose 26 + 346 = 3*z. What is the highest common factor of 31 and z?
31
Let t be (-10)/(-45) - 68/(-18). Let i be -1 - (t - (-32)/(-2)). What is the greatest common factor of i and 22?
11
Suppose -3*z - 7 - 2 = 0, -5*l + 23 = -z. Suppose 0*m - l*m = -32. Let g be 118/15 + (-4)/(-30). Calculate the highest common factor of m and g.
8
Let n(y) = -109*y - 4. Let p be n(-1). What is the highest common factor of 5 and p?
5
Let s(b) = -2*b + 2. Let n be s(2). Let k be n/(-11) - 220/(-121). Calculate the highest common factor of k and 2.
2
Let w = 213 - 149. Suppose -3*b - c + w = 0, -4*b - 2*c = -69 - 15. Calculate the highest common divisor of b and 44.
22
Let u(d) = 3*d - 1. Let k be u(-3). Let q = k + 35. Calculate the highest common factor of q and 5.
5
Let l(s) = s**3 + 6*s**2 + 6*s. Let v be l(-4). What is the highest common divisor of 8 and v?
8
Suppose 0 = -w + 2*w - 2. Suppose 0 = 2*r + 2*b - 124, -r - 4*b + 188 = w*r. What is the highest common factor of r and 24?
12
Let u(c) = 12*c**2 + 4*c + 1. Let p be u(-4). Suppose 0*v + 12 = 3*v. Suppose -537 = -v*a - p. What is the greatest common divisor of a and 18?
18
Let a(o) = 13*o. Suppose 3*f = -2*f + 25. Let d be a(f). What is the highest common factor of 26 and d?
13
Let j be (8/24)/(2/96). What is the highest common divisor of 4 and j?
4
Suppose 3*x = 4*x. Suppose x = -0*h - h + 2. Suppose -3*r - 5*k + 55 = 0, -h*k - 2 + 12 = 0. What is the highest common factor of r and 10?
10
Let i = 24 - 22. Calculate the highest common factor of i and 5.
1
Let t(s) = -12*s + 6. Let d be t(-5). Let z = -20 + 38. Suppose -2*c = c - z. Calculate the greatest common divisor of d and c.
6
Let b = 195 - 114. Suppose 0 = h - 4*h + 4*g + 7, -2*h + 43 = 5*g. Calculate the greatest common factor of h and b.
9
Let a be (-2)/(-9) + 25/9. Suppose 0*l + 60 = a*l. Let x = 1 - -9. Calculate the greatest common factor of x and l.
10
Suppose o + 37 = i, -2*o = i - 2*i + 37. Let h = 53 - i. What is the highest common factor of 24 and h?
8
Let o be ((-2)/(-10))/((-21)/(-105)). Let h be (12 - 11)/(o/8). What is the greatest common divisor of 32 and h?
8
Suppose -2*i + 10 = -0*i. Suppose l + 4*d = 2*l - 1, 3*d = i*l + 12. Let y be (208/l)/((-5)/15). Calculate the greatest common factor of 26 and y.
26
Let h be 5 + 2 + (-2)/2. Suppose -5*t = -h*t. Suppose t = 2*s + s - 45. What is the highest common divisor of 5 and s?
5
Suppose j + 13 + 2 = -3*a, -3*a = 3*j + 15. Let k = 0 - -3. Suppose 0*h - k*h + 216 = j. Calculate the greatest common divisor of h and 9.
9
Let u be (-4)/(-18) + 260/(-36). Let v be (-3)/u - (-116)/7. What is the highest common divisor of v and 119?
17
Let a(q) = 3*q. Let p be a(1). Let v be ((-1)/(-2))/(p/6). Calculate the greatest common factor of 1 and v.
1
Suppose -2*v - 28 - 3 = -3*x, -4*x = -v - 8. Let o = v - -21. Suppose 2*h + 0 - 4 = 0. Calculate the greatest common divisor of o and h.
1
Let i = -29 + 30. Calculate the greatest common divisor of i and 11.
1
Let p(d) = -160*d**3 - d**2 + 1. Let o be p(-1). Suppose 5*t - o = 65. Calculate the greatest common factor of 15 and t.
15
Let r(t) be the second derivative of t**5/